de 1554424?
False
Does 35 divide 160526?
False
Is 75591 a multiple of 68?
False
Is 172 a factor of 293077?
False
Is 2 a factor of 13949?
False
Is 163180 a multiple of 3?
False
Does 187 divide 1281772?
False
Is 423120 a multiple of 15?
True
Is 404375 a multiple of 17?
False
Does 252 divide 754513?
False
Does 224 divide 582656?
False
Is 11046075 a multiple of 189?
False
Is 42 a factor of 255108?
True
Is 102276 a multiple of 20?
False
Is 251 a factor of 603581?
False
Does 20 divide 6033983?
False
Does 66 divide 178406?
False
Does 31 divide 188666?
True
Is 119 a factor of 711858?
True
Is 53477 even?
False
Is 48 a factor of 395016?
False
Does 2 divide 10304?
True
Does 198 divide 572189?
False
Is 34 a factor of 95064?
True
Is 20 a factor of 33460?
True
Is 86 a factor of 214790?
False
Does 267 divide 2583492?
True
Is 84735 a multiple of 11?
False
Is 17537842 a multiple of 158?
True
Is 23 a factor of 261161?
False
Is 12 a factor of 5438319?
False
Does 1354 divide 5363194?
True
Is 144233 a multiple of 852?
False
Does 130 divide 25910?
False
Does 149 divide 88506?
True
Does 266 divide 1104824?
False
Does 116 divide 30722?
False
Is 58 a factor of 276843?
False
Is 796 a factor of 4600880?
True
Is 20 a factor of 94540?
True
Is 217 a factor of 318563?
False
Is 18670417 a multiple of 15?
False
Is 85815 a multiple of 5?
True
Is 1877131 a multiple of 74?
False
Does 19 divide 162735?
True
Is 5 a factor of 141368?
False
Does 3 divide 1106?
False
Is 4 a factor of 3640?
True
Is 78 a factor of 22230?
True
Does 12 divide 9783614?
False
Is 1073618 a multiple of 347?
True
Is 128 a factor of 278671?
False
Is 1578610 a multiple of 226?
True
Does 120 divide 356438?
False
Is 3 a factor of 150015?
True
Does 377 divide 480851?
False
Is 82 a factor of 68039?
False
Is 5 a factor of 1268610?
True
Is 222 a factor of 1630994?
False
Does 436 divide 403861?
False
Does 2 divide 31206?
True
Does 4 divide 40670?
False
Is 13 a factor of 56407?
True
Is 141486 a multiple of 62?
False
Does 20 divide 2308980?
True
Is 97426 a multiple of 14?
True
Is 2422679 a multiple of 30?
False
Is 85 a factor of 637157?
False
Does 7 divide 622160?
True
Does 22 divide 28785?
False
Does 19 divide 391441?
False
Is 9 a factor of 116859?
False
Does 10 divide 451519?
False
Is 2534 a factor of 31532403?
False
Is 13 a factor of 896610?
True
Is 629433 a multiple of 927?
True
Is 122840 a multiple of 74?
True
Is 44 a factor of 1766601?
False
Does 613 divide 19259847?
True
Does 267 divide 21627?
True
Does 40 divide 533080?
True
Is 32 a factor of 53632?
True
Does 3 divide 83014?
False
Does 6 divide 4118991?
False
Does 83 divide 320629?
True
Is 14 a factor of 16636550?
True
Is 59495 a multiple of 73?
True
Is 8 a factor of 1038560?
True
Is 170759 a multiple of 22?
False
Does 320 divide 208110?
False
Is 5021211 a multiple of 39?
True
Is 5 a factor of 1779450?
True
Is 177360 a multiple of 2?
True
Is 11 a factor of 1709015?
True
Is 22 a factor of 80342?
False
Does 12 divide 197976?
True
Is 453 a factor of 1216758?
True
Does 63 divide 349794?
False
Is 37 a factor of 160025?
True
Is 16914 a multiple of 15?
False
Is 1970898 a multiple of 53?
False
Is 89 a factor of 432789?
False
Is 34 a factor of 666536?
True
Is 780725 a multiple of 835?
True
Does 14 divide 1675660?
True
Is 36 a factor of 44080?
False
Is 22788 a multiple of 54?
True
Is 234476 a multiple of 44?
True
Is 13 a factor of 35575?
False
Is 101 a factor of 409757?
True
Is 27 a factor of 40230?
True
Is 1040050 a multiple of 305?
True
Is 125395 a multiple of 31?
True
Is 10328398 a multiple of 1113?
False
Does 11 divide 541815?
False
Does 1908 divide 8597455?
False
Does 54 divide 66582?
True
Does 2883 divide 20937913?
False
Does 160 divide 263200?
True
Does 287 divide 435666?
True
Does 26 divide 10710?
False
Is 1606384 a multiple of 8?
True
Is 246880 a multiple of 40?
True
Is 10 a factor of 1013377?
False
Is 62063 a multiple of 29?
False
Does 24 divide 156792?
True
Is 5596588 a multiple of 106?
True
Does 57 divide 242513?
False
Does 18 divide 6849830?
False
Does 74 divide 540650?
False
Does 18 divide 376344?
True
Is 70 a factor of 345730?
True
Is 6 a factor of 17298?
True
Is 118 a factor of 81656?
True
Does 40 divide 1068600?
True
Is 116480 a multiple of 32?
True
Is 2954394 a multiple of 56?
False
Is 194 a factor of 35588524?
True
Is 7 a factor of 6988?
False
Does 41 divide 184741?
False
Does 7 divide 103579?
True
Is 2212601 a multiple of 79?
False
Is 340 a factor of 36483020?
True
Does 203 divide 71253?
True
Is 549 a factor of 433161?
True
Does 219 divide 2473998?
False
Is 1800542 a multiple of 20?
False
Does 9 divide 9200?
False
Does 13 divide 2540707?
True
Is 5 a factor of 112807?
False
Does 12 divide 265627?
False
Is 679655 a multiple of 330?
False
Is 70 a factor of 672565?
False
Is 75 a factor of 913200?
True
Is 70563 a multiple of 3?
True
Is 7552470 a multiple of 16?
False
Is 117971 a multiple of 398?
False
Is 2232387 a multiple of 29?
False
Is 9 a factor of 87365?
False
Does 18 divide 2892131?
False
Is 13619456 a multiple of 31?
False
Does 25 divide 1781741?
False
Is 2143146 a multiple of 16?
False
Does 181 divide 433035?
False
Is 148023 a multiple of 97?
False
Is 2650190 a multiple of 1030?
True
Is 1428798 a multiple of 91?
False
Is 3823079 a multiple of 111?
False
Does 173 divide 227339?
False
Does 907 divide 11599818?
False
Is 234167 a multiple of 7?
False
Does 19 divide 64391?
True
Is 546332 a multiple of 4?
True
Is 120 a factor of 41136?
False
Is 50328 a multiple of 108?
True
Is 426 a factor of 16935204?
True
Does 31 divide 164204?
False
Is 225100 a multiple of 10?
True
Is 98 a factor of 15908928?
True
Is 321 a factor of 378780?
True
Is 410040 a multiple of 34?
True
Is 158517 a multiple of 171?
True
Is 81 a factor of 477246?
False
Is 9 a factor of 8757432?
True
Is 3382071 a multiple of 1331?
True
Does 22 divide 12979443?
False
Is 25 a factor of 204750?
True
Is 3249494 a multiple of 35?
False
Does 53 divide 879800?
True
Does 1582 divide 1159606?
True
Does 984 divide 1995497?
False
Is 14 a factor of 2954280?
True
Does 32 divide 716928?
True
Is 3613619 a multiple of 327?
False
Is 921419 a multiple of 113?
False
Is 28 a factor of 540624?
True
Does 1411 divide 2210933?
False
Is 361 a factor of 930899?
False
Is 799 a factor of 6552796?
False
Is 398035 a multiple of 11?
True
Is 354 a factor of 2876604?
True
Does 277 divide 5183224?
True
Is 396242 a multiple of 154?
True
Is 10352193 a multiple of 72?
False
Is 16007308 a multiple of 128?
False
Does 7 divide 533125?
False
Is 1040 a multiple of 13?
True
Does 96 divide 573169?
False
Is 6352992 a multiple of 152?
True
Is 1558797 a multiple of 20?
False
Is 100556 a multiple of 49?
False
Does 318 divide 93810?
True
Is 53466 a multiple of 5?
False
Does 127 divide 137454?
False
Is 152484 a multiple of 6?
True
Is 32 a factor of 176520?
False
Does 145 divide 768358?
False
Does 161 divide 428758?
False
Does 8 divide 163641?
False
Is 19 a factor of 246867?
True
Is 3423336 a multiple of 56?
True
Does 10 divide 11305326?
False
Is 643016 a multiple of 88?
True
Does 34 divide 232969?
False
Is 4591 a multiple of 2?
False
Does 462 divide 1450680?
True
Does 11 divide 15121051?
True
Does 19 divide 213190?
False
Does 445 divide 117927?
False
Is 3245179 a multiple of 619?
False
Is 6 a factor of 6682407?
False
Is 98 a factor of 12397391?
False
Is 117 a factor of 1240083?
True
Is 112611 a multiple of 3?
True
Is 907698 a multiple of 66?
True
Is 33 a factor of 1104215?
False
Is 667872 a multiple of 27?
True
Does 14 divide 2106742?
False
Is 131 a factor of 212613?
True
Is 927705 a multiple of 345?
True
Is 367357 a multiple of 4?
False
Does 9 divide 185139?
True
Is 19 a factor of 348009?
False
Does 24 divide 319056?
True
Is 3150757 a multiple of 79?
True
Does 1631 divide 7919456?
False
Is 4744709 a multiple of 11?
False
Is 42916 a multiple of 9?
False
Does 64 divide 67284?
False
Is 100 a factor of 7318657?
False
Does 21 divide 60459?
True
Is 239 a factor of 1713152?
True
Is 134856 a multiple of 8?
True
Is 93 a factor of 2771214?
True
Is 1225707 a multiple of 557?
False
Is 20 a factor of 3938328?
False
Is 29869 a multiple of 17?
True
Is 5125379 a multiple of 175?
False
Is 649 a factor of 19513483?
True
Is 240 a factor of 26363?
False
Is 21